77. Is h a prime number?
False
Is (-3 - 1) + (-4881)/(-6)*2 a prime number?
False
Let p(u) = u**2 + 1. Let f(m) = 274*m**3 - 3*m**2 - 3*m - 8. Let g(c) = -f(c) - 4*p(c). Is g(-1) a prime number?
False
Let p(r) = 2*r**2 - 10 + 23 - 7*r - r**2 + 6. Is p(9) composite?
False
Let n = -774 - -138. Is n/(-2) + -1 + 2 prime?
False
Let o = 1451 - -11646. Is o prime?
False
Let f(w) = 1470*w**2 - 10*w + 1. Is f(-1) a composite number?
False
Suppose 0*l + 4*l + j = -3049, 5*j = -4*l - 3053. Is (1 - 0)*l/(-6) prime?
True
Suppose -4*v = -4*x - 2*v + 26, -v = 5*x - 15. Let z(d) be the second derivative of 319*d**3/6 + 7*d**2/2 + 4*d. Is z(x) a composite number?
False
Let h(n) = -47*n**3 - 12*n**2 + 3*n - 15. Is h(-9) prime?
False
Suppose n = 5*n - 2*h + 904, -452 = 2*n + 3*h. Let r = n + 353. Is r a composite number?
False
Let k be 9/(-6)*(-902)/3. Let g = 1194 - k. Is g a prime number?
True
Let n(s) = 270*s**2 + 5*s + 22. Is n(-7) a composite number?
False
Let s(c) = 92*c - 113. Is s(18) composite?
False
Let y(c) = -c**3 + 10*c**2 + 99*c - 61. Is y(-27) prime?
True
Let f = -15 + 13. Let r = 4 - f. Suppose 4*s - 238 + r = 0. Is s composite?
True
Suppose 2*d + 2*d = 31512. Suppose -3*p + 1449 = -d. Is p a composite number?
False
Suppose 0 = 4*r - 5407 + 1079. Is r composite?
True
Suppose -4*q = -5 - 3, -32 = -s - q. Let h be (-20)/s*(31 + -1). Is 1/(-5) - 144/h a composite number?
False
Suppose 0 = -35*a + 22*a + 31421. Is a a prime number?
True
Suppose 70 = 3*n + 2*n. Let l = n + -10. Suppose l*i = 5*b - 683 - 240, 2*i = 3*b - 555. Is b prime?
False
Let j(z) = -2*z - 23. Let x be j(-14). Suppose -5*f + 441 = d - 3*d, 0 = -x*f + d + 443. Is f composite?
False
Let f = -13203 - -22948. Is f a composite number?
True
Suppose 0 = -4*d - 1502 - 1342. Let x = 1055 + d. Let z = 847 - x. Is z prime?
True
Let b(x) = x**2 + 13*x + 4. Let i be b(-13). Suppose i*w - 362 - 146 = 0. Is w a composite number?
False
Let t(k) = k**3 - 4*k**2 - 4*k - 12. Let p(w) = w**3 - 10*w**2 - 8*w - 6. Let z be p(8). Let g be ((z/3)/3)/(-2). Is t(g) a prime number?
False
Suppose -39*b = -38*b - 3433. Is b a prime number?
True
Let i(q) = 2*q + 20. Let o be i(-10). Suppose 0*w + 2*w - 1829 = 5*k, o = -2*k - 6. Is w prime?
True
Let s be (-11 - -13)/(1/2). Suppose 3*a + 4*l = 31 + 248, s*l = -4*a + 376. Let j = -28 + a. Is j composite?
True
Suppose 2*u = -2*k + 34, -22 - 56 = -4*k - 2*u. Suppose -k*o = -17*o - 2215. Is o prime?
True
Suppose c = 5*d - 43330, -3*d + 7776 = 5*c - 18194. Is d prime?
False
Suppose 30*s - 230235 = 15*s. Is s composite?
False
Let c(s) = -55*s + 18. Let t(o) = 110*o - 37. Let n(a) = -5*c(a) - 2*t(a). Is n(5) a prime number?
False
Let b(j) = j**2 - 5*j - 5. Let l be b(5). Let p(z) = -z - 2. Let n be p(l). Suppose 0 = -3*q + i + 278, -n = -q - 4*i + 68. Is q prime?
False
Suppose 2*q + 13*w - 43833 = 8*w, -5*q - 4*w = -109591. Is q a composite number?
True
Let w = 17 + -41. Let c = w + 47. Is (1 - 4 - -5) + c prime?
False
Let s be (-12)/8*(-1 + -9). Let z(a) = -s - 2*a + 7*a + 20 + 42*a**2. Is z(-2) a prime number?
True
Suppose -2*t = 8, -t = 4*l + 3*t + 36. Let u = l + 352. Is u a prime number?
True
Let j be (-6 - -6) + -2 + 0. Let t be (-3)/j*(-6)/9. Is (-302)/t + (-1 - 0) composite?
True
Let l(h) = -h**2 + h - 1. Let y(b) = -5*b**2 + 5*b - 1345. Let u(j) = 4*l(j) - y(j). Let s be u(0). Is ((-4)/12)/((-3)/s) prime?
True
Let c(j) be the second derivative of -118*j**3/3 - 13*j**2/2 - 15*j. Is c(-5) prime?
False
Let z(k) = -2*k - 2. Let p be z(3). Let m = p + 11. Suppose -i + 122 = m*s - 98, -432 = -2*i + 2*s. Is i composite?
True
Let i(a) = a**2 - a + 34. Let h(p) = 25*p**2 - 22 - 12 - 26*p**2 + p. Let j(r) = 2*h(r) + 3*i(r). Is j(0) composite?
True
Let b(t) = 3*t**2 - 9*t + 17. Let f be b(20). Suppose -784 = -3*a - 5*c, 3*a + 5*c = -a + f. Is a composite?
True
Suppose 88127 = -154*g + 167*g. Is g a prime number?
True
Let h(q) = -891*q**3 - q**2 - q. Let m be h(-1). Suppose 0*x = 3*x + 2*y - m, -x + 292 = -y. Is x prime?
False
Suppose 1 = -3*a + 13, 0 = -2*w + 3*a + 6. Let r(x) = x**3 - 7*x**2 + 4*x + 3. Let g be r(w). Suppose 0 = -j + o + 225, 3*j - g = 2*j - 5*o. Is j composite?
True
Let l(d) = d**3 - 6*d + 6. Suppose -4*q - 4*j + 12 = 0, -3*q = -0*j - j + 3. Suppose q = 5*s - 34 - 1. Is l(s) a prime number?
True
Suppose 2*d + 2*o = -10, -5*o - 4 = -4*d + 3. Let s be 1 - (-11)/((-66)/(-90)). Is s + (-6)/(1 - d) composite?
True
Let p(h) = h**3 - h + 2. Let u be p(0). Let n be (-4)/((-2)/(2/u)). Suppose 5*b - 227 = -n*x, x + 16 - 128 = -b. Is x a prime number?
False
Is 2 + -2 + 4/((-24)/(-34482)) a prime number?
False
Suppose t + 4 = 4*m, m = 5*t + 4*m - 3. Suppose t*j = -9*j + 4491. Is j a composite number?
False
Suppose f + 4 = -2*d - 3, 3*f = 3*d + 6. Let g be 20/15*(-147)/f. Let c = 383 - g. Is c a prime number?
False
Suppose 16*u = 3*u - 52. Is u/(-14) - 4793/(-7) composite?
True
Let h = -2489 + 6538. Is h prime?
True
Let f(i) = i**3 + 6*i**2 - 15*i + 8. Let o be f(-8). Suppose o*x - 928 = -2*x + 5*q, -3*q + 475 = x. Is x a prime number?
False
Suppose k + 950 = 11*k. Let x = 296 - k. Is x a prime number?
False
Let y(w) = 17*w**2 + 3*w + 3. Let m be 4 + -3 - 2/1. Let f be m/3 + 275/33. Is y(f) prime?
False
Let o be 5 - (5 - 3) - -57. Suppose 5*l - o = -0*l. Suppose -235 = -j - l. Is j a composite number?
False
Suppose -4*y + 2*d + 21 = d, 0 = -4*d - 4. Suppose y*g - 2296 = g. Let t = g - 107. Is t prime?
True
Let x = -106409 - -153816. Is x composite?
False
Let r be (-2)/5 - (-132)/30. Suppose 8189 = 4*y - 3*o, -y - r*o + 2030 = o. Is y/10 + (-2)/(-4) composite?
True
Let t(u) = 21*u**3 + 2*u**2 + 10*u - 1. Let n(o) = -32*o**3 - 3*o**2 - 15*o + 1. Let j(p) = -5*n(p) - 8*t(p). Is j(-5) a prime number?
False
Is 12/14 - 317550/(-210) composite?
True
Suppose -8 = 8*z - 48. Suppose -z*l = b + 4*b - 9350, 3*l + 2*b = 5607. Is l composite?
False
Let r be (-2)/8 + 36/16. Suppose 78 = r*t - 220. Is (t/(-2))/((-1)/2) a composite number?
False
Suppose 0 = q + 2*h - 4437, 0 = -q - 0*q - 4*h + 4433. Is q composite?
False
Let a(s) = s**3 - 9*s**2 - 2*s - 6. Suppose 2 - 3 = f, -2*g = 2*f - 16. Let h be a(g). Let t = 46 + h. Is t a prime number?
False
Suppose u = -4*u. Let x(i) = 117*i**3 + i. Let f be x(1). Suppose u*s - f = -2*s. Is s composite?
False
Let t be (-3522)/4*((-30)/(-9) - 4). Suppose -9*y - t = -4*q - 6*y, 4*q = -3*y + 605. Is q a prime number?
True
Let r = -7264 - -13563. Is r composite?
False
Let m(a) be the second derivative of 10*a - 41/6*a**3 + 0 + 3*a**2. Is m(-5) a prime number?
True
Let o(y) = -94*y**2 - 6*y - 8. Let k(l) = l. Let s(m) = -3*k(m) - o(m). Is s(3) composite?
False
Let r(q) = 236*q**2 + 19*q - 109. Is r(6) a composite number?
False
Suppose f + 2*f - 9 = 0. Suppose 0 = -i + 1, 1400 = 3*k - f*i + 284. Suppose -k = m - 2*m + 2*g, 0 = -3*m + 2*g + 1119. Is m composite?
False
Let b(l) = 2*l**3 - 17*l**2 - 16. Let s be b(13). Let f = s + -1026. Is f prime?
True
Let u = -21 - -7. Is 97/(u/4 - -4) a composite number?
True
Let s = -738 + 1259. Let h = s + -228. Is h a composite number?
False
Suppose 3*j - 10 = -3*b - j, -j = -1. Suppose 5*p - 1041 = -b*x + 904, 0 = x + 5. Is p a prime number?
False
Let m be 1/2*(-630)/(-15). Suppose 0 = -0*q - q + m. Is (-6)/q - 2925/(-21) a composite number?
False
Suppose 7*c = 196 + 2275. Let y be 2/3*30/4. Suppose -y*t + s + c = -t, 3*t = s + 266. Is t composite?
True
Let r = 370 - 5104. Let z = -2683 - r. Is z prime?
False
Let r be 2/(-5) + (-1077)/(-5). Let x = r - -24. Is x composite?
False
Let h(i) = -i**2 + 15*i - 1. Suppose -5*n + 31 = k, -4*k - 4*n = n - 49. Is h(k) composite?
False
Is (29938/(-12))/(23/(-138)) a prime number?
True
Let u(g) = -3 + 0 - 3*g - 2 - 3 - 6*g. Suppose 0*f - 2*f - 10 = 0. Is u(f) composite?
False
Suppose -219*d + 254 = -218*d. Is d a composite number?
True
Is -2*(-6 - -7)*417/(-6) composite?
False
Let c(i) = -12*i + i + 3*i + 7*i. Let p(g) = -4*g**2 - 13*g + 4. Let o(b) = 2*c(b) - p(b). Is o(9) composite?
False
Let r(v) = 100*v**2 - 2*v + 17. Let p be r(-7). Suppose -s + 3*k + 979 = 0, -4*s - s - 3*k = -p. Is s a prime number?
False
Suppose 4*w = -4 + 28. Suppose -w*q + 1445 = 5*f - q, 5*f + 2*q - 1457 = 0. Is f a prime number?
True
Suppose 3*y = 2*y + 10. Let t = 12 - 8. Is ((-1784)/(